{"id":25,"date":"2018-12-24T23:37:01","date_gmt":"2018-12-25T01:37:01","guid":{"rendered":"\/radiocbs\/?page_id=25"},"modified":"2020-01-18T18:20:31","modified_gmt":"2020-01-18T21:20:31","slug":"sobre","status":"publish","type":"page","link":"\/radiocbs\/?page_id=25","title":{"rendered":"Sobre"},"content":{"rendered":"<p>R\u00e1dio CBS \u2013 Comunica\u00e7\u00f5es Brasileira de Sistemas \u2013 a r\u00e1dio dos profissionais de tecnologia da informa\u00e7\u00e3o! aqui voc\u00ea encontra informa\u00e7\u00f5es relacionadas a tecnologia da informa\u00e7\u00e3o, not\u00edcias, palestras e muito mais relacionados a redes de computadores, sistemas, software e hardware al\u00e9m de m\u00fasica e informa\u00e7\u00e3o!\u00a0a R\u00e1dio CBS \u2013 Comunica\u00e7\u00f5es Brasileira de Sistemas tem por defini\u00e7\u00e3o, informar os profissionais de tecnologia da informa\u00e7\u00e3o sobre as novidades do mundo da tecnologia, software, hardware e tudo o que \u00e9 tend\u00eancia em tecnologia e informa\u00e7\u00f5es sobre sistemas em geral, redes e muito mais!<\/p>\n<p>Criada em Janeiro de 2015 a r\u00e1dio entrava no ar \u00e1s 12 horas com uma nova programa\u00e7\u00e3o, sendo que anos antes, a r\u00e1dio tinha outro nome, contamos mais detalhes dessa hist\u00f3ria abaixo:<\/p>\n<p><strong>2008<\/strong> &#8211; Surge a R\u00e1dio Rebelde, sendo essa a primeira r\u00e1dio a entrar no ar com conte\u00fado voltado para adolescentes revoltados com o sistema, e seu conte\u00fado era 90% de m\u00fasicas e 10% de conte\u00fado.<\/p>\n<p><strong>2009<\/strong> &#8211; Surge a R\u00e1dio M\u00fasica &#8211; 100% de m\u00fasicas 24 horas no ar, R\u00e1dio Escambau, R\u00e1dio CBS e mantinha a R\u00e1dio Rebelde formando uma rede de r\u00e1dios chamado de Rede Escambau de Comunica\u00e7\u00f5es.<\/p>\n<p><strong>2010<\/strong> &#8211; Rede Escambau de Comunica\u00e7\u00f5es passa a se chamar Rede Exemplo de Comunica\u00e7\u00f5es e R\u00e1dio Escambau passa a se chamar R\u00e1dio Exemplo<\/p>\n<p><strong>2011<\/strong> &#8211; Fechamento da R\u00e1dio M\u00fasica, R\u00e1dio Exemplo e R\u00e1dio CBS e se manteve a R\u00e1dio Rebelde<\/p>\n<p><strong>2012<\/strong> &#8211; R\u00e1dio Rebelde passa a se chamar R\u00e1dio CBS &#8211; CentOS Brasil Sul em homenagem a distro Linux CentOS com uma programa\u00e7\u00e3o 90% de m\u00fasicas e 10 % de palestras e conte\u00fado voltado a profissionais de TI<\/p>\n<p><strong>2013<\/strong> &#8211; Mudamos a grade de programa\u00e7\u00e3o, passando a ficar 50 % de m\u00fasicas e 50% de conte\u00fado exclusivo para profissionais de TI<\/p>\n<p><strong>2014<\/strong> &#8211; Mudamos a grade de programa\u00e7\u00e3o, passando a ficar 25 % de m\u00fasicas e 75% de conte\u00fado.<\/p>\n<p><strong>2015<\/strong> &#8211; R\u00e1dio CBS &#8211; CentOS Brasil Sul passa a se chamar R\u00e1dio CBS &#8211; Comunica\u00e7\u00f5es Brasileira de Sistemas com o slogan: a R\u00e1dio dos profissionais de Tecnologia da Informa\u00e7\u00e3o! passando a ter 80% de conte\u00fado e 20% de m\u00fasicas.<\/p>\n<p><strong>2016<\/strong> &#8211;\u00a0Mudamos a grade de programa\u00e7\u00e3o, passando a ficar 10 % de m\u00fasicas e 90% de conte\u00fado 24 horas no ar.<\/p>\n<p><strong>2017<\/strong> &#8211; Do anal\u00f3gico para o digital: mudamos nosso sistema de gera\u00e7\u00e3o \u00e1udio de um sistema anal\u00f3gico para \u00e1udio 100% virtual e digital, com qualidade na transmiss\u00e3o \u00e1udio.<\/p>\n<p><strong>2018<\/strong> &#8211; Hospedagem pr\u00f3pria de um site, fechamento do site e retorno do site oficial da R\u00e1dio CBS<\/p>\n<p><strong>2019<\/strong> &#8211; Novos conte\u00fados voltados para profissionais de tecnologia da informa\u00e7\u00e3o!<\/p>\n<p><strong>2020<\/strong> &#8211; Nova grade de programa\u00e7\u00e3o da r\u00e1dio e novos conte\u00fados voltados para profissionais de tecnologia da informa\u00e7\u00e3o!<\/p>\n","protected":false},"excerpt":{"rendered":"<p>R\u00e1dio CBS \u2013 Comunica\u00e7\u00f5es Brasileira de Sistemas \u2013 a r\u00e1dio dos profissionais de tecnologia da informa\u00e7\u00e3o! aqui voc\u00ea encontra informa\u00e7\u00f5es relacionadas a tecnologia da informa\u00e7\u00e3o, not\u00edcias, palestras e muito mais relacionados a redes de computadores, sistemas, software e hardware al\u00e9m &hellip; <a href=\"\/radiocbs\/?page_id=25\">Continue lendo <span class=\"meta-nav\">&rarr;<\/span><\/a><\/p>\n","protected":false},"author":1,"featured_media":0,"parent":0,"menu_order":0,"comment_status":"closed","ping_status":"closed","template":"","meta":{"footnotes":""},"class_list":["post-25","page","type-page","status-publish","hentry"],"_links":{"self":[{"href":"\/radiocbs\/index.php?rest_route=\/wp\/v2\/pages\/25","targetHints":{"allow":["GET"]}}],"collection":[{"href":"\/radiocbs\/index.php?rest_route=\/wp\/v2\/pages"}],"about":[{"href":"\/radiocbs\/index.php?rest_route=\/wp\/v2\/types\/page"}],"author":[{"embeddable":true,"href":"\/radiocbs\/index.php?rest_route=\/wp\/v2\/users\/1"}],"replies":[{"embeddable":true,"href":"\/radiocbs\/index.php?rest_route=%2Fwp%2Fv2%2Fcomments&post=25"}],"version-history":[{"count":4,"href":"\/radiocbs\/index.php?rest_route=\/wp\/v2\/pages\/25\/revisions"}],"predecessor-version":[{"id":206,"href":"\/radiocbs\/index.php?rest_route=\/wp\/v2\/pages\/25\/revisions\/206"}],"wp:attachment":[{"href":"\/radiocbs\/index.php?rest_route=%2Fwp%2Fv2%2Fmedia&parent=25"}],"curies":[{"name":"wp","href":"https:\/\/api.w.org\/{rel}","templated":true}]}}